 3. Let o = 125 - 129. Let j be i(o). Is ((-502)/(-6))/(j/21) a composite number?
False
Let w(j) = -17*j**2 - 12*j + 49. Let h(u) = -3*u**3 + 33*u**2 + 24*u - 99. Let f(x) = -4*h(x) - 7*w(x). Is f(6) prime?
False
Let d(g) = -15124*g + 201. Is d(-16) a composite number?
True
Let l(v) = -v + 3968. Let i be l(0). Let u = i + -2291. Let t = u + -1132. Is t prime?
False
Let x = -726835 - -1949766. Is x a prime number?
True
Let x(g) = 2012*g + 35. Let f be (-12)/(-4) - (5 + 9/(-3)). Is x(f) composite?
True
Suppose -26*f + 42161 = -45*f. Is 37 - 31 - (f + -2) a prime number?
False
Let h be -4*(2 + 1 + -713). Suppose -5*w = 5*l - h, -l + w = l - 1151. Is l a prime number?
False
Suppose 4*s - 2*o = -7*o + 138038, 138086 = 4*s - 3*o. Is s prime?
False
Let r(w) be the second derivative of w**5/4 + w**4/12 + 2*w**3 - 5*w**2 - 15*w. Let d be r(6). Suppose l - 1340 = -3*p, 3*l + 166 = 3*p - d. Is p composite?
True
Let t(r) = -308891*r - 7416. Is t(-5) a composite number?
True
Suppose -411868 = -101*v + 2296851. Is v a composite number?
True
Suppose -2*y + 3*a = -4*y + 6258, -2*y + 4*a + 6258 = 0. Suppose -229*n + y = -226*n. Is n composite?
True
Is ((-15837234)/1785)/(2/(-5)) a composite number?
True
Suppose -3*y + 1484443 = 2*p, -11*p - 3*y = -12*p + 742208. Is p a prime number?
False
Let n = 588628 - 329307. Is n prime?
True
Is 49157*6*201/603 a composite number?
True
Suppose 0 = 10*n - 5*n + b - 302141, -2*b - 241696 = -4*n. Is n a prime number?
True
Suppose 228*g - 2194030 = -240*g + 458*g. Is g a composite number?
True
Let m = 42 + -40. Suppose 0*f = -2*f + 2, -2*q = m*f - 1040. Is q prime?
False
Suppose h - 178411 - 122620 = 0. Is h a prime number?
False
Let y(a) = -a**3 + 3*a**2 + 4*a - 4. Let i be y(3). Let f(k) = 220*k + 6. Is f(i) composite?
True
Suppose 19*n - 6*n = -22*n + 8773555. Is n a composite number?
False
Suppose -5*h + 573 = 4*o, 0*o - 345 = -3*h - 3*o. Suppose 0 = h*d - 106*d - 105917. Is d a composite number?
False
Suppose 404782 = 2*g + 4*l, 3*g - 2*l - 5*l = 607212. Is g a composite number?
True
Suppose 5*h - 2*s = -39, 0 = -2*h + h - 2*s - 15. Let p = -3 - h. Is 1/8*p + (-194)/(-8) a composite number?
True
Suppose 10367 = 3*y - 11812. Suppose 4*x = y + 20595. Is x composite?
False
Let n(m) = -8*m**3 - 72*m**2 - 88*m + 29. Is n(-38) a composite number?
True
Let b = -17627 + 26284. Is b prime?
False
Suppose -6 = -8*d + 5*d. Suppose -4*z = -8, -d*w + 12 = w - 3*z. Is (-2646)/(-15) - w/(-10) a prime number?
False
Suppose 7596882 = 90*h - 454428. Is h composite?
False
Let x(f) = -14*f - 244. Let i be x(-17). Let s(g) = -2*g - 1. Let y be s(1). Is 263*4/8 - y/i a prime number?
True
Let w(b) be the third derivative of 551*b**4/4 + 121*b**3/6 + 255*b**2. Is w(2) prime?
True
Suppose -83*s - 277*s = -220262760. Is s composite?
True
Suppose 20*s - 162 = -2. Let t(p) = -p**3 - p**2 - p + 1. Let z(c) = 4*c**3 + c**2 + 10*c - 8. Let y(r) = -5*t(r) - z(r). Is y(s) a prime number?
False
Let y(o) = 2*o**3 - 11*o**2 + 8*o - 52. Let v be y(5). Suppose 0 = -2*f - f. Let s = f - v. Is s prime?
True
Let t(l) = 550*l - 29. Let k = 263 - 250. Is t(k) composite?
False
Suppose 0 = -55*i - 69703 + 280133. Is i prime?
False
Let f(y) = -203*y**3 - 9*y**2 - 54*y + 1. Is f(-5) prime?
False
Let j(h) = -148482*h - 3. Let g be j(2). Let p = 207231 + g. Is (-2)/(-13) - p/104 composite?
False
Let m = 22 - 2. Let v be -5*(-1)/(m/(-744)). Let d = v - -1453. Is d composite?
True
Let q(b) = -b**2 + 6*b - 3. Let z be q(5). Let k be 0 + 109*(-1)/(1 - z). Let a = 272 + k. Is a a composite number?
True
Let a be (148/2)/(7/56). Let k = -527 + a. Is k prime?
False
Let m(g) = 182*g**3 - 3*g**2 + 22. Let n be m(8). Let w = 134893 - n. Is w prime?
True
Let k(t) = 30*t**3 + 12*t**2 - 7*t + 173. Is k(10) a prime number?
False
Let g(k) = -k**3 - 16*k**2 + 57*k + 109. Is g(-62) prime?
False
Let n(w) = 780*w - 2183. Is n(58) a prime number?
False
Suppose 0 = q - 3*w + 4*w + 2947, -8835 = 3*q + w. Let o = 1413 - -3152. Let m = o + q. Is m a composite number?
False
Let k(z) = -2*z**2 - 51*z - 112. Let u be k(-23). Let t(p) be the second derivative of 11*p**5/20 + p**4/3 + p**3/6 - 5*p**2/2 + 5*p. Is t(u) a prime number?
True
Suppose -l = -5*w - 5663, -4*w + 5*l + 1955 = 6498. Let h = 3093 + w. Is h prime?
False
Suppose 3*d + 6 = 0, -4*l + 5*d + 22 = -0*d. Suppose -799*s = -798*s - 3. Suppose m - s*j - 508 = -0*j, 1500 = 3*m + l*j. Is m a composite number?
True
Let z = -23 + 25. Suppose -i = -2*i + z*i. Suppose i = d + 4*d - 1985. Is d composite?
False
Let j be (-2)/4 - (-3396)/8. Suppose 6*p - j = 2594. Is p a prime number?
True
Suppose 0 = -10*d - 309781 + 1370141. Suppose 8*b - d = -20*b. Is b prime?
False
Suppose -2 = -3*c + 4*t, 1 = -3*c + 2*t + 11. Suppose 0 = -c*v + v + 25. Is (-4)/v - 16518/(-10) a composite number?
True
Let s(m) = -11*m + 44. Let f(a) = 23*a + 16. Let z(k) = -34*k - 24. Let x(j) = -7*f(j) - 5*z(j). Let r be x(-3). Is s(r) a prime number?
False
Let j(v) = v**3 - 11*v**2 - 13*v - 7. Suppose 0 = -3*u - 2*k + 24, 3*u + k - 36 = 3*k. Let b be j(u). Let a = 355 + b. Is a prime?
False
Let m(l) = 2*l - 21 - 2*l - 6*l + 0*l. Let y be m(-5). Suppose 0 = -8*x - y*x + 43843. Is x composite?
False
Suppose 2*q = 3*s - 602237, 0 = -2*s - 2*q - 128717 + 530195. Is s prime?
False
Suppose -35*n + 117 = -58. Suppose -5*t + 150226 = 3*j, n*t - 2*j + 4*j - 150229 = 0. Is t a prime number?
True
Let l be (-39 - -37)*(-1 + 1541/(-2)). Let m = 2460 - l. Is m prime?
False
Let q(r) = 19*r**3 + 10*r**2 + r - 21. Suppose 0 = -16*k - 26*k + 462. Is q(k) a composite number?
False
Suppose -5*g - 1528 + 48000 = 2*t, 17*t - 5*g - 395297 = 0. Is t a composite number?
False
Let r(o) = 15*o**3 + o**2 + 19*o - 58. Let t be ((-126)/(-13))/2 + 42/273. Is r(t) a prime number?
False
Let w(a) = 17937*a**2 - 25*a + 7. Is w(-6) a prime number?
True
Let j(z) = z**2 + 13*z + 2. Let u be j(-13). Suppose -5*i = -2*w - 731 - 332, 3*i = -u*w - 1023. Let g = -252 - w. Is g a prime number?
False
Suppose -18*o - 51*o = -874713. Is o composite?
True
Suppose -2*l = 5*w - 319829, -3*w + 125329 + 34587 = l. Is l a prime number?
False
Let u(s) be the third derivative of 1/30*s**5 + 0*s + 0 - 1/120*s**6 - s**3 - 1/24*s**4 + 13*s**2. Is u(-4) a composite number?
True
Let f be 9/(-6)*(-4)/3. Suppose 6 = -f*w, -2*w + 3*w - 1 = -2*x. Suppose x*t - 4329 = 713. Is t composite?
False
Suppose 0 = -0*j - 5*j + 565. Let n = -111 + j. Suppose n*t + 0*l = l + 1778, -5*l + 889 = t. Is t composite?
True
Suppose -112 = 2*a - 102, i + 3*a - 16018 = 0. Is i a prime number?
True
Suppose -4*r + 9*r = 19060. Suppose 8*b = 11*b + 2*b. Suppose 3*u = 5*x + 2855, -4*x = -b*u - 4*u + r. Is u a composite number?
True
Let j(s) = 2*s**3 + 303*s**2 - 58*s + 281. Is j(-148) composite?
True
Let t(h) = 2*h**2 - 7*h + 4. Let a be t(4). Let f be (a/10)/(18/(-45)). Is (f + -12)/((-2)/41) composite?
True
Let a = -1142 + 1622. Suppose 479*x = a*x - 3967. Is x prime?
True
Suppose -38*n + 34*n + 66523 = -5*v, 5*n = -3*v + 83200. Suppose 0 = -2*i - 3175 + n. Is i a composite number?
True
Let k(o) = 10*o**2 + o + 7. Let d be k(-6). Suppose 0 = -b + 3175 - d. Let m = 7945 - b. Is m a composite number?
True
Let a(x) = -x**3 + 2*x**2 + 16*x. Let q be a(5). Suppose h - 1276 = 2*j, 4*h = q*j + 3468 + 1627. Let i = -519 + h. Is i a composite number?
False
Suppose 25*m = 23*m + 70. Let c be ((-9)/(m - 8))/(2/(-6)). Is c*3*(140294/(-6))/(-11) prime?
False
Let u(d) = 29172*d**2 - 10*d - 1. Is u(-2) a composite number?
False
Let o = 7285 - 2115. Suppose -z + 2*r + 11901 = 0, 4*z + o = 3*r + 52799. Is z a composite number?
True
Let r = -152 - 3. Let u = r + 89. Let c = 487 - u. Is c a prime number?
False
Let k(v) = 5*v**2 + v**3 - 57*v + 85*v - 53*v. Let j be k(-8). Let m(b) = 13*b**2 - 10*b - 13. Is m(j) a prime number?
True
Let b be (-26)/(-65)*(0 + 5). Suppose -31*z = -18*z - 13169. Suppose 2*t + t - 2994 = -3*c, b*c + z = t. Is t prime?
False
Let w = -282258 - -974479. Is w composite?
False
Let i(q) = -q**3 - 8*q**2 - 4*q - 10. Let w = -82 + 71. Is i(w) a composite number?
False
Let a = 12 + 75. Suppose 4 = 5*m - 11. Suppose 5*y - 4*y = g - a, m*g + 2*y - 241 = 0. Is g a composite number?
False
Let l(z) = 379*z - 2. Let t be l(-5). Let m = -8479 - t. Is ((-10)/15)